9964?
True
Does 79 divide 39247?
False
Does 105 divide 620967?
False
Is 9 a factor of 35838?
True
Is 35 a factor of 77105?
True
Is 21 a factor of 5604270?
True
Is 34468 a multiple of 51?
False
Does 73 divide 13578?
True
Is 187 a factor of 273020?
True
Does 234 divide 140166?
True
Does 357 divide 14637?
True
Is 316 a factor of 1480226?
False
Is 374659 a multiple of 15?
False
Is 143 a factor of 48906?
True
Is 5521960 a multiple of 1503?
False
Is 5 a factor of 149626?
False
Does 46 divide 80362?
True
Is 29 a factor of 100514?
True
Is 96240 a multiple of 48?
True
Is 15137757 a multiple of 104?
False
Is 8164 a multiple of 26?
True
Is 10 a factor of 2440?
True
Is 534948 a multiple of 76?
False
Does 13 divide 457670?
False
Is 10 a factor of 480838?
False
Is 489124 a multiple of 9?
False
Is 12 a factor of 1196640?
True
Is 52 a factor of 193180?
True
Does 27 divide 3755?
False
Is 42682 a multiple of 155?
False
Is 112073 a multiple of 233?
True
Is 36166 a multiple of 132?
False
Is 3789368 a multiple of 17?
True
Is 492864 a multiple of 136?
True
Is 6365946 a multiple of 41?
False
Is 957522 a multiple of 29?
True
Does 81 divide 425331?
True
Is 28 a factor of 6473074?
False
Does 10 divide 1114670?
True
Does 456 divide 314640?
True
Is 84 a factor of 63084?
True
Is 34024305 a multiple of 15?
True
Does 62 divide 29107?
False
Does 219 divide 88204?
False
Is 1568 a factor of 6037575?
False
Is 26 a factor of 154707?
False
Does 4 divide 1453444?
True
Does 70 divide 263285?
False
Is 2140080 a multiple of 592?
True
Does 433 divide 192252?
True
Is 505407 a multiple of 22?
False
Is 18964 a multiple of 44?
True
Is 132 a factor of 1566386?
False
Is 1695906 a multiple of 142?
True
Does 70 divide 936180?
True
Is 26896370 a multiple of 14?
False
Is 4 a factor of 1852101?
False
Does 1081 divide 1049565?
False
Is 7768031 a multiple of 1593?
False
Does 32 divide 74560?
True
Is 42 a factor of 982988?
False
Is 110 a factor of 226380?
True
Is 24125 a multiple of 6?
False
Is 4 a factor of 258801?
False
Is 1118739 a multiple of 1033?
True
Is 559 a factor of 6540589?
False
Is 112 a factor of 3911712?
True
Does 51 divide 15070266?
False
Is 1933920 a multiple of 306?
True
Is 608 a factor of 27360?
True
Is 95 a factor of 40280?
True
Does 258 divide 20390530?
False
Does 214 divide 1835052?
False
Is 225 a factor of 1460327?
False
Is 337 a factor of 29145?
False
Is 7 a factor of 1166645?
False
Is 107237 a multiple of 438?
False
Does 14 divide 62182?
False
Is 21 a factor of 239295?
True
Is 18803 even?
False
Does 35 divide 15816729?
False
Is 1562670 a multiple of 18?
True
Does 4 divide 10572?
True
Is 1887529 a multiple of 343?
True
Is 30 a factor of 5954215?
False
Is 91950 a multiple of 241?
False
Does 4 divide 18908?
True
Is 412 a factor of 173040?
True
Does 10 divide 2538350?
True
Does 67 divide 520188?
True
Does 3 divide 139461?
True
Does 83 divide 3351730?
False
Does 16 divide 80752?
True
Is 3850710 a multiple of 705?
True
Is 892355 a multiple of 5?
True
Does 443 divide 14670831?
True
Is 142 a factor of 3246404?
True
Is 95 a factor of 513210?
False
Is 869 a factor of 6818174?
True
Is 15 a factor of 6915?
True
Is 5379800 a multiple of 45?
False
Is 386567 a multiple of 69?
False
Is 98450 a multiple of 50?
True
Is 919 a factor of 1783139?
False
Does 111 divide 9365617?
False
Is 14 a factor of 322378?
True
Does 5 divide 3318335?
True
Does 3 divide 279425?
False
Is 12 a factor of 239937?
False
Is 260 a factor of 162468?
False
Is 165 a factor of 567270?
True
Does 7 divide 25145?
False
Does 90 divide 405180?
True
Is 2045720 a multiple of 995?
True
Does 238 divide 278936?
True
Is 14072368 a multiple of 404?
False
Is 7 a factor of 2075704?
False
Is 7589630 a multiple of 223?
False
Does 22 divide 16984?
True
Is 16 a factor of 146772?
False
Is 450 a factor of 408102?
False
Is 31 a factor of 308246?
False
Is 614 a factor of 3567970?
False
Is 789096 a multiple of 66?
True
Is 93 a factor of 4553652?
True
Is 724020 a multiple of 30?
True
Is 83 a factor of 6125238?
False
Does 4 divide 195712?
True
Does 608 divide 13360192?
True
Is 195 a factor of 357623?
False
Is 12803307 a multiple of 11?
True
Is 19 a factor of 89259?
False
Is 15 a factor of 2232304?
False
Is 18706 a multiple of 2?
True
Does 7 divide 23546740?
True
Is 612 a factor of 718182?
False
Does 79 divide 345309?
True
Does 110 divide 93911?
False
Is 5 a factor of 2425849?
False
Is 129 a factor of 18794759?
False
Is 196046 a multiple of 235?
False
Does 798 divide 7696710?
True
Is 312 a factor of 8725363?
False
Is 91 a factor of 240160?
False
Does 895 divide 13070142?
False
Is 11 a factor of 94583?
False
Is 1883 a factor of 4493843?
False
Is 57570 a multiple of 114?
True
Is 27 a factor of 3756?
False
Does 15 divide 1724595?
True
Does 103 divide 53148?
True
Is 3915041 a multiple of 67?
False
Is 692928 a multiple of 54?
True
Does 139 divide 46148?
True
Is 537 a factor of 1576438?
False
Is 4087392 a multiple of 1724?
False
Does 14 divide 24290?
True
Is 14 a factor of 168988?
False
Does 15 divide 13290?
True
Is 27 a factor of 1712313?
True
Is 393 a factor of 7462156?
False
Is 1192153 a multiple of 51?
False
Is 532335 a multiple of 115?
True
Is 3198390 a multiple of 195?
True
Is 1288228 a multiple of 4?
True
Is 4654 a multiple of 26?
True
Does 17 divide 1137584?
False
Is 562533 a multiple of 213?
True
Is 40 a factor of 38400?
True
Is 530100 a multiple of 93?
True
Is 738 a factor of 6724656?
True
Is 13 a factor of 281434?
False
Is 28 a factor of 394780?
False
Does 39 divide 245388?
True
Does 11 divide 854667?
True
Is 28 a factor of 208264?
True
Does 375 divide 150534?
False
Does 321 divide 21828?
True
Does 101 divide 423683?
False
Is 53 a factor of 10282?
True
Does 1265 divide 4609660?
True
Does 17 divide 6325?
False
Does 10 divide 321090?
True
Is 1361369 a multiple of 128?
False
Does 37 divide 1272689?
True
Is 17131771 a multiple of 56?
False
Is 477 a factor of 314820?
True
Is 52 a factor of 478296?
True
Is 298306 a multiple of 139?
False
Is 674 a factor of 458320?
True
Does 153 divide 177786?
True
Is 45 a factor of 38925?
True
Is 48021 even?
False
Does 37 divide 178192?
True
Is 266064 a multiple of 723?
True
Does 61 divide 1098793?
True
Is 231 a factor of 18749?
False
Does 30 divide 231600?
True
Is 359179 even?
False
Is 192 a factor of 30316?
False
Is 78259 a multiple of 7?
False
Is 281 a factor of 23380740?
False
Is 3715432 a multiple of 28?
True
Is 2134918 a multiple of 73?
False
Is 8 a factor of 3331057?
False
Is 496 a factor of 944739?
False
Is 45311 a multiple of 15?
False
Is 19 a factor of 9966?
False
Is 331 a factor of 1733116?
True
Is 41489 a multiple of 4?
False
Does 90 divide 88560?
True
Is 6790326 a multiple of 173?
False
Does 895 divide 6033326?
False
Is 29 a factor of 60784?
True
Does 146 divide 1841498?
True
Is 17 a factor of 208012?
True
Does 35 divide 1559915?
True
Is 156 a factor of 1696966?
False
Is 127 a factor of 2212086?
True
Is 1434309 a multiple of 113?
True
Does 952 divide 804677?
False
Does 16 divide 384272?
True
Is 88 a factor of 171430?
False
Is 215 a factor of 4025230?
True
Does 18 divide 342378?
True
Is 1404360 a multiple of 42?
False
Is 84699 a multiple of 27?
True
Is 1305695 a multiple of 74?
False
Is 128 a factor of 5799815?
False
Is 9788040 a multiple of 265?
True
Is 9 a factor of 51948?
True
Is 9 a factor of 562762?
False
Does 93 divide 106764?
True
Is 6 a factor of 31451?
False
Is 738 a factor of 1357182?
True
Is 353808 a multiple of 120?
False
Is 877905 a multiple of 27?
True
Does 13 divide 72423?
True
Is 39798 a multiple of 9?
True
Is 1659303 a multiple of 10?
False
Does 30 divide 52753?
False
Is 20 a factor of 8756335?
False
Does 19 divide 55290?
True
Does 40 divide 71600?
True
Does 6 divide 5298?
True
Is 687 a factor of 484335?
True
Is 4 a factor of 239864?
True
Is 702779 a multiple of 16?
False
Is 27527070 a multiple of 30?
True
Does 22 divide 993?
False
Is 60 a factor of 38100?
True
Is 40117 a multiple of 450?
False
Does 22 divide 11767492?
True
Is 1929062 a multiple of 425?
False
Is 1634690 a multiple of 10?
True
Does 80 divide 166163?
False
Is 23 a factor of 329797?
True
Is 157950 a multiple of 6?
True
Does 25 divide 210557?
False
Is 10 a factor of 24846?
False
Is 619278 a multiple of 31?
False
Is 112